posite?
False
Is 18669957 prime?
False
Is 1241351869 prime?
True
Is 24866029 prime?
False
Is 593249 prime?
False
Is 100626611 a prime number?
True
Is 133277971 composite?
False
Is 158678749 a prime number?
False
Is 48897479 a prime number?
False
Is 1119769241 a prime number?
True
Is 6149147 prime?
True
Is 3721358 composite?
True
Is 965677 composite?
False
Is 10754309 a composite number?
True
Is 31588061 a prime number?
True
Is 54795313 a prime number?
False
Is 63504626 a prime number?
False
Is 14805209 prime?
True
Is 14502223 composite?
True
Is 75869429 prime?
False
Is 219708823 composite?
False
Is 498181507 prime?
True
Is 2135663 prime?
True
Is 101267 prime?
True
Is 53194277 a prime number?
False
Is 3437069 a composite number?
False
Is 98954441 a composite number?
True
Is 43290878 composite?
True
Is 46158317 composite?
True
Is 288162989 a prime number?
True
Is 42326066 a prime number?
False
Is 26671889 a composite number?
True
Is 113968163 a composite number?
True
Is 302007 prime?
False
Is 2429422 a composite number?
True
Is 854426 prime?
False
Is 1179719 prime?
False
Is 1590559 composite?
False
Is 4144571 prime?
False
Is 16107277 a prime number?
True
Is 196804031 a composite number?
True
Is 921563 composite?
False
Is 1209903 composite?
True
Is 11678083 prime?
True
Is 49451 a prime number?
True
Is 1409203 a prime number?
True
Is 360657797 composite?
False
Is 93333307 composite?
True
Is 332829461 composite?
False
Is 580020821 composite?
False
Is 3658453 a prime number?
False
Is 1091683 prime?
False
Is 252220778 a composite number?
True
Is 514967 a prime number?
True
Is 158598131 composite?
True
Is 464595383 prime?
False
Is 52413079 a prime number?
False
Is 319769266 a prime number?
False
Is 5649523 prime?
False
Is 2081235049 a prime number?
True
Is 247381 a composite number?
False
Is 5460949 a composite number?
True
Is 95183147 a composite number?
False
Is 4040549 a prime number?
True
Is 216043331 prime?
False
Is 8145707 a composite number?
False
Is 5100467 a composite number?
False
Is 284950583 a prime number?
False
Is 160902851 prime?
True
Is 8038319 a composite number?
False
Is 306121 composite?
False
Is 203741 composite?
True
Is 8143673 prime?
False
Is 1809835 prime?
False
Is 25201109 a composite number?
True
Is 149487467 prime?
True
Is 1052747 a composite number?
False
Is 31323107 a composite number?
False
Is 1495687 prime?
True
Is 105952819 prime?
False
Is 63468511 prime?
False
Is 4379743 prime?
False
Is 190436089 composite?
False
Is 77797271 composite?
True
Is 16511453 prime?
False
Is 19413659 a composite number?
True
Is 88479719 prime?
True
Is 169835533 prime?
False
Is 93353147 a composite number?
True
Is 13228195 prime?
False
Is 55321627 composite?
False
Is 33322007 composite?
True
Is 15939059 a composite number?
False
Is 387257 a composite number?
True
Is 106531 composite?
False
Is 1074001 composite?
False
Is 335543309 composite?
False
Is 3266881 a composite number?
False
Is 282221 a prime number?
True
Is 45292157 a prime number?
False
Is 36605053 a composite number?
False
Is 39299059 composite?
False
Is 199651 prime?
False
Is 59019739 a prime number?
False
Is 1397783 a composite number?
False
Is 173375751 prime?
False
Is 203211713 a composite number?
True
Is 16208669 a composite number?
False
Is 6576131 composite?
False
Is 25687573 a composite number?
True
Is 784979 a prime number?
False
Is 61757749 a prime number?
False
Is 150722413 prime?
True
Is 126099538 a composite number?
True
Is 6620171 composite?
False
Is 13338659 prime?
False
Is 140572747 a prime number?
False
Is 2065691 a prime number?
False
Is 17368573 a prime number?
True
Is 1624696271 composite?
True
Is 4329947 a prime number?
True
Is 1726409 prime?
True
Is 23069203 composite?
True
Is 348481 a prime number?
False
Is 5203949 composite?
False
Is 178784923 a composite number?
True
Is 409784653 a prime number?
True
Is 2842615 composite?
True
Is 77024881 composite?
False
Is 79371893 a prime number?
True
Is 12987691 composite?
True
Is 10346299 prime?
False
Is 900916883 a prime number?
True
Is 96323 composite?
False
Is 60884153 composite?
True
Is 100749073 composite?
False
Is 144492409 composite?
False
Is 110146 prime?
False
Is 3595181 a composite number?
False
Is 203221 composite?
False
Is 113079353 a composite number?
True
Is 25919539 composite?
False
Is 1967633 composite?
False
Is 10616831 prime?
True
Is 3627809 prime?
False
Is 299845951 composite?
False
Is 3065221 prime?
True
Is 378905861 composite?
True
Is 377535449 a composite number?
False
Is 733591 prime?
True
Is 111639053 a prime number?
False
Is 66025733 prime?
True
Is 50159111 prime?
True
Is 866473 composite?
True
Is 4131683 composite?
True
Is 4739083 composite?
True
Is 1358921 a prime number?
False
Is 2224141 composite?
False
Is 18505043 prime?
False
Is 5871631 composite?
False
Is 335999 a prime number?
True
Is 628169 a composite number?
True
Is 39875189 composite?
False
Is 1405631 a composite number?
False
Is 2916539 composite?
False
Is 26219123 composite?
True
Is 43690147 a prime number?
False
Is 71708623 composite?
True
Is 34289419 composite?
True
Is 421726967 a prime number?
True
Is 813999 a composite number?
True
Is 859007 prime?
False
Is 19168531 composite?
False
Is 642155557 prime?
False
Is 942737 prime?
False
Is 10422649 a prime number?
False
Is 391562 a prime number?
False
Is 424123 a prime number?
False
Is 385991 a prime number?
True
Is 12515449 composite?
False
Is 30364051 prime?
False
Is 92587711 a prime number?
True
Is 46547447 a prime number?
True
Is 3049483 prime?
False
Is 151742273 composite?
True
Is 2391357 a composite number?
True
Is 2506391 a prime number?
True
Is 22585553 prime?
False
Is 4261243 prime?
False
Is 183431 a prime number?
False
Is 8397047 a composite number?
True
Is 9098273 prime?
False
Is 523613602 prime?
False
Is 692917 a prime number?
True
Is 302479 composite?
True
Is 19219553 composite?
True
Is 38537009 a prime number?
False
Is 8254747 a prime number?
True
Is 39989531 prime?
True
Is 4395781 a composite number?
True
Is 20544691 prime?
False
Is 197329 composite?
True
Is 24136159 a composite number?
True
Is 15389707 prime?
False
Is 3766031 prime?
True
Is 1705643 a composite number?
True
Is 2357041 a prime number?
False
Is 3868835 a prime number?
False
Is 784709 composite?
True
Is 244740623 a prime number?
False
Is 1572749 prime?
True
Is 90677 prime?
True
Is 18221123 a composite number?
False
Is 140753159 a composite number?
True
Is 944329 a composite number?
False
Is 7535587 prime?
True
Is 219469051 prime?
False
Is 35907745 a composite number?
True
Is 994141 a composite number?
False
Is 117250127 a composite number?
False
Is 169081615 prime?
False
Is 30289213 prime?
True
Is 1843253 composite?
False
Is 458209 composite?
True
Is 2665733 a prime number?
False
Is 57715633 prime?
True
Is 27380453 a composite number?
False
Is 42790901 a prime number?
True
Is 77064203 composite?
False
Is 85542943 a prime number?
True
Is 162332567 a prime number?
False
Is 20847023 a prime number?
False
Is 40501949 composite?
False
Is 5288242 a prime number?
False
Is 4796237 prime?
True
Is 9176133 composite?
True
Is 48464737 a composite number?
True
Is 159824183 composite?
False
Is 45529487 a composite number?
True
Is 818880053 a composite number?
False
Is 2843587 prime?
True
Is 315164791 a prime number?
False
Is 56112803 prime?
False
Is 81056609 a composite number?
False
Is 7493282 a composite number?
True
Is 10937791 a prime number?
True
Is 719588737 a prime number?
False
Is 152015977 prime?
False
Is 12794021 prime?
False
Is 1481359 prime?
False
Is 10483153 composite?
False
Is 216108257 a prime number?
True
Is 53067143 composite?
False
Is 78886277 a prime number?
True
Is 5657789 composite?
False
Is 3095513 a composite number?
True
Is 17111461 a composite number?
False
Is 6552797 a prime number?
True
Is 323542337 a composite number?
True
Is 12320589 composite?
True
Is 92783091 a prime number?
False
Is 278347 prime?
True
Is 190890863 a prime number?
False
Is 31316069 composite?
False
Is 685259 composite?
True
Is 2435597 prime?
True
Is 5099737 prime?
False
Is 1765451 prime?
False
Is 23773229 a prime number?
True
Is 949721 a prime number?
False
Is 7116233 a prime number?
False
Is 12008993 a composite numb